*2 + 5*b + 1. Let k be z(-4). Let h = k - w. List the prime factors of h.
3
Suppose 3*y = 5*a + 2, 3*a + 5 = 3*y - 1. Suppose 7 - 27 = -a*f. List the prime factors of f.
2, 5
What are the prime factors of 81 + 0 - (-4)/4?
2, 41
Let d(z) = z**2 - 5*z - 7. Let j be d(8). Let l be (-2)/5 - (-524)/10. Suppose j = -5*i + l. List the prime factors of i.
7
What are the prime factors of 16/(-3 + 5 + 0)?
2
Let l = 19 - -6. What are the prime factors of l?
5
Let r = -1 - -5. Suppose -28 = -r*f + 28. List the prime factors of f.
2, 7
Suppose 0*h - 50 = -s + 2*h, -4*h + 306 = 5*s. List the prime factors of s.
2, 29
Let l(o) = o**2 - 9. Let v be l(0). What are the prime factors of (-66)/(-10) - v/(-15)?
2, 3
Suppose -4*u - u - 190 = -3*i, 4*i = -u - 61. Let b = -23 - u. What are the prime factors of b?
2, 3
Suppose -4*g - 6 = -5*g. What are the prime factors of (-204)/(-15) + g/(-10)?
13
Suppose 5*l = 2*l - 21. Let c = 11 + l. What are the prime factors of (-40)/(-6) + c/12?
7
Let b(q) = -5*q**2 - 3 - 2*q + 2 + 7*q**2. What are the prime factors of b(-3)?
23
Suppose 0*x = 5*x - 130. Suppose -10 = 4*z - x. Suppose -z*t - 4*b = -56, 2*t - 4*b - 10 = 6. List the prime factors of t.
2, 3
Suppose 5*u - w = -0*w + 137, 3*u - w = 83. Let y be (8/3)/(6/u). Suppose -3*g - y = -7*g. What are the prime factors of g?
3
Let y = 4 + -7. Let j = 21 + y. What are the prime factors of j?
2, 3
Suppose 0 = -5*t + 2*v + 28, 2*t - 4 = -0*v - v. Suppose -p = -2*n + 75, -2*n = -6*n - t*p + 144. List the prime factors of n.
37
Suppose 0 = -5*q - 12 + 2. Let y = 0 - q. What are the prime factors of 16/y + (0 - -1)?
3
Suppose -4*u - 18 = -7*u. Suppose 7*t = 4*t + u. What are the prime factors of t?
2
Let t = -46 + 16. Let w be (8/20)/((-2)/t). Let j(m) = m**2 - 4*m - 7. What are the prime factors of j(w)?
5
Let c be (0 - 1)/(-2)*0. Suppose 5*j - 49 - 1 = c. What are the prime factors of j?
2, 5
Let c = 4 - 2. Suppose 6 = -2*l, 2*j + 3 = -3*l - 6. Let n = c - j. List the prime factors of n.
2
Let p(l) = -l**3 - 9*l**2 - l - 5. Let h be p(-9). Suppose 2*i - 3*i - 3*d + 15 = 0, h*i - d - 8 = 0. Suppose 2 = i*g - 4. List the prime factors of g.
2
What are the prime factors of 138/10*(-15)/(-3)?
3, 23
Let l = 85 - 48. What are the prime factors of l?
37
What are the prime factors of (-75)/(-9) + 1/(-3)?
2
Let v = 424 - 296. Let y = v - 91. List the prime factors of y.
37
Let m(o) = o + 13. List the prime factors of m(0).
13
Suppose 0*d - 1 = -d. Suppose -8 = -3*f + d. Suppose 0*w + f*w = 27. List the prime factors of w.
3
Let r be 2*(-1 + 7/2). Let a = r + -4. List the prime factors of (a - 0)*6/3.
2
Suppose -2*z = -3*t - 0*z + 91, -69 = -2*t + 3*z. What are the prime factors of t?
3
Let v = -7 + 2. Let p(t) = -2*t**2 - t - 5. Let u(w) = w**2 + w + 6. Let y(q) = v*p(q) - 4*u(q). What are the prime factors of y(-1)?
2, 3
Let l(b) = -b**3 - b**2 + 5. Let v be l(0). Let x be 0/((-2)/(3 - v)). List the prime factors of x - 3 - (-2 + -4).
3
Let i(q) = -9 - 3*q**2 + 0*q**2 + 2*q**2 - 7*q. Let r be i(-6). List the prime factors of (24/5)/(r/(-10)).
2
Let w = -51 - -88. What are the prime factors of w?
37
Let l be 45*7/((-70)/(-4)). List the prime factors of ((-9)/l)/(2/(-28)).
7
Let n(l) = l**3 + 8*l**2 + 5*l - 3. Suppose 8*q = 6*q - 14. What are the prime factors of n(q)?
11
Let y be (2/4)/((-3)/(-24)). Let g = y - -1. Suppose 3*p + g*a - 45 = p, 10 = 2*a. List the prime factors of p.
2, 5
Let y(a) = a**2 - 13*a - 13. Let k be y(12). Let l = k - -28. What are the prime factors of l?
3
List the prime factors of ((-374)/(-3) - 0/14)*3.
2, 11, 17
Let v(a) = 4*a**3 - 2*a**2 - 1. List the prime factors of v(2).
23
Suppose 0 = -3*n + 5 + 1. Let i be (n + 17/(-3))*-12. What are the prime factors of (1/2)/(2/i)?
11
What are the prime factors of 24/(-60) + (3432/10)/3?
2, 3, 19
Let b be 16 + (0 - -1 - -1). Suppose f - b = -f. Suppose 0 = l - 0*l - f. List the prime factors of l.
3
Suppose -358 = 4*h - 86. Let p be h/(-12) - 4/6. Suppose 5*x - 13 + 3 = p*z, -x - 1 = -2*z. What are the prime factors of x?
5
Let y(p) = 3*p + 3*p - 10*p + 3*p + 2. List the prime factors of y(-9).
11
Let n be 1/(-4) - 5/(-4). Let j be (-1 - (-110)/8)/((-21)/56). What are the prime factors of (n/1)/((-2)/j)?
17
List the prime factors of ((-4)/6)/(2 - 2361/1179).
2, 131
Let m be 5/15 - 62/6. Let j(c) = c**2 + 9*c + 6. List the prime factors of j(m).
2
Let d(c) = -349*c + 16. What are the prime factors of d(-1)?
5, 73
Let c = -6 + 11. Suppose -3*t = d + 2*d - 18, -c = -2*t + 5*d. What are the prime factors of (-15)/(-6)*(t + -1)?
2, 5
Let q(c) = -2*c**2 - c**2 + 2*c + c**2. Let o be q(-2). Let g = 17 + o. List the prime factors of g.
5
Suppose -5*d - t + 535 = 0, 6*d - 2*d - 428 = 3*t. List the prime factors of d.
107
Let r(i) = -112*i + 14. What are the prime factors of r(-2)?
2, 7, 17
Let g = -605 - -851. What are the prime factors of g?
2, 3, 41
Let l(d) = 144*d**3 + d**2 - 2*d. List the prime factors of l(1).
11, 13
Let p = 205 + -66. What are the prime factors of p?
139
Suppose -3*y - 4*s + 24 = 0, 3*y - s = -4*s + 24. Let i = y - 1. List the prime factors of i.
7
Let i be 620/(-35) + (-4)/14. Let q be (-1)/4 + i/(-8). List the prime factors of -4*(3/3 - q).
2
Let k(t) = -11*t - 1. List the prime factors of k(-3).
2
Let a be (-2)/(-6) - 16/(-6). Suppose 13 + 43 = a*s - w, -4*s + 48 = 4*w. What are the prime factors of s?
17
Suppose -w + 0*w = -86. What are the prime factors of w?
2, 43
Let c be 3/(-2)*80/30. What are the prime factors of (-6)/2 - (c - 11)?
2, 3
Let j = 8 - 7. Let k = j - 17. Let r = -6 - k. List the prime factors of r.
2, 5
Suppose 237 + 105 = 6*a. Suppose 4*s + a - 189 = 0. List the prime factors of s.
3, 11
Suppose 2*g + 0 + 2 = 0. Let p = 0 - g. What are the prime factors of -2 + p - -1*3?
2
Let k = -7 + 18. List the prime factors of k.
11
Suppose -6*p = -p - 1240. List the prime factors of p.
2, 31
Suppose 2*d - 906 = -4*p, -d + 672 = 3*p + 3*d. What are the prime factors of p?
2, 3, 19
Let y(d) = d + 23. Let k be y(-13). Suppose 4*l - 81 = l + 3*p, 2*p + k = 0. List the prime factors of l.
2, 11
Let w = 4 - 2. Let n = 8 - w. What are the prime factors of n?
2, 3
What are the prime factors of ((-13)/(-3))/((-1)/(-3))?
13
Let w(y) = y**2 - 10. What are the prime factors of w(-9)?
71
Let k be (-6 + 5)*1/1. Let u(r) = 7*r**2 - 5. Let m(q) = -15*q**2 + 9. Let y(c) = -5*m(c) - 9*u(c). List the prime factors of y(k).
2, 3
List the prime factors of (61 - 3) + -2 + 3.
59
Let f(o) = -o + 15. Let l = 0 + 0. Let n be f(l). Suppose -4*c + n = -c. List the prime factors of c.
5
Suppose 3*i - 2*i - 14 = 3*n, -5*i + 2*n + 18 = 0. Suppose -d - i = -16. List the prime factors of d.
2, 7
Let p(f) = f**2 - 2*f - 1. Let w be p(5). Let x(i) = -i**2 + 7. Let r be x(0). Let y = w - r. What are the prime factors of y?
7
Let o = -2 - -4. Suppose -4*h + o*m = -160, 2*m - m + 118 = 3*h. What are the prime factors of h?
2, 19
Let i be ((-4)/(-6))/((-2)/(-18)). Let u be (-20)/i*3/(-2). Suppose 32 = 4*l + 4*w, u*l + w + 0*w = 52. What are the prime factors of l?
11
Suppose -5*n + 532 = 147. List the prime factors of n.
7, 11
Let r(p) be the first derivative of -p**3/3 + 3*p**2/2 + 2*p - 2. Let v be r(3). Let o(d) = 2*d**2 - d + 1. List the prime factors of o(v).
7
Let f(x) = 15*x**3 + 11 - 12 - 2*x + 2 + 2*x**2. List the prime factors of f(1).
2
Suppose -2*p = 0, -w - 2*w = -p - 1044. List the prime factors of w.
2, 3, 29
Suppose 0*w + 380 = 2*w. What are the prime factors of w?
2, 5, 19
Let m = -1 + -1. Let v = 0 + m. Let d = 9 - v. List the prime factors of d.
11
Suppose -5*d + 43 = c + 1, d = -4*c + 111. What are the prime factors of c?
3
Suppose 8*w - 379 = 845. List the prime factors of w.
3, 17
Suppose -4*s = -0*s - 44. Suppose -x + s + 2 = 0. What are the prime factors of x?
13
Let s be (-1)/4 + (-3)/(-12). Suppose s*x = x + 5. What are the prime factors of 20*(-2)/x*1?
2
Let z(s) = 7*s**3 - 17*s**2 - 3*s - 9. Let x(y) = -4*y**3 + 9*y**2 + 2*y + 5. Let t(j) = -5*x(j) - 3*z(j). List the prime factors of t(5).
2, 11
Let c be (-3 - (2 + -3)) + 41. Let h = -22 + c. What are the prime factors of h?
17
Let j = -13 - -18. Let y(m) = 4*m - 42. Let q be y(9). Let o = j - q. List the prime factors of o.
11
Let t(g) = -1 + 0*g**